ghest common factor of v and b.
6
Let m be 1/(-3) + 76/(-6). Let s be (-10)/15 - m/(-3). Let v be s/(15/(-4))*15. Calculate the highest common factor of v and 140.
20
Suppose 23 = 3*l - 5*g, 0 = -2*l - 5*g - 5 + 12. Let w = l - 5. Suppose -5*q + w = -4, 22 = j + 4*q. What is the highest common factor of 54 and j?
18
Let x(q) = q**2 - 4*q. Let b be x(5). Calculate the greatest common factor of b and 1.
1
Let m be -3*3 - (3 - 3). Let s be ((-6)/9)/(2/m). Suppose -t = s - 14. Calculate the highest common factor of t and 55.
11
Let w(d) = -2*d - 2. Let q be w(-5). Suppose 0*f - 273 = -3*f. Let p = f - 27. What is the highest common divisor of q and p?
8
Let p = 110 - 30. Calculate the highest common divisor of p and 60.
20
Suppose -3*v + 104 = -76. What is the highest common factor of 40 and v?
20
Suppose 3*x - 159 = -m, 4*m + 204 - 810 = 3*x. Calculate the greatest common factor of m and 17.
17
Let i(m) = 38*m**3 - m**2 - m + 1. Let g be i(1). Suppose 2*s + 5*j = g, -9 - 16 = -5*j. Calculate the highest common factor of s and 66.
6
Suppose -2*t + l = -96, 3*l + 146 = 3*t + l. Let z = 37 - 25. Let g = t - z. Calculate the highest common factor of 17 and g.
17
Suppose -2*d - 2*v = -146, 0*d - 400 = -5*d + 2*v. Calculate the highest common factor of d and 52.
26
Let s be 2*3*3/9. Suppose s*c - 4*z + 0*z = 34, 0 = 2*c - 2*z - 38. What is the greatest common divisor of 84 and c?
21
Let w(y) = -y**2 + 16*y - 12. Let z be w(11). Let b = z + -19. Calculate the greatest common factor of 96 and b.
24
Let i = 13 - 10. Suppose 4*o = 2*o - 3*f + 18, -4*o - i*f = -42. What is the highest common divisor of 132 and o?
12
Let g = -17 + 24. Suppose g*c = 2*c - 10. Let t be 15*c/(-3)*2. Calculate the greatest common factor of 8 and t.
4
Let b = 9 + -6. Suppose 3*z - 243 = -5*w, b*w + 2*w = 0. Let m = 21 + -12. Calculate the greatest common factor of z and m.
9
Let v be ((-12)/10)/(30/(-525)). What is the highest common factor of 3 and v?
3
Suppose -887 = -5*j + 4*p, -p = 2*p + 9. Let s(v) = 2*v**2 - 5*v. Let k be s(5). What is the highest common factor of k and j?
25
Suppose 224 = 12*k - 112. What is the greatest common factor of 28 and k?
28
Let x be ((-115)/(-5) - 3)/((-2)/(-3)). Calculate the greatest common divisor of x and 270.
30
Suppose -c = -0*c - 30. Suppose -a = -3*a + c. Let s = a - 9. Calculate the highest common factor of s and 3.
3
Let u = -46 - -70. Calculate the greatest common divisor of u and 120.
24
Suppose -6 = 2*h + 10. Let a(z) = 3*z + 0*z - 2 - 7*z - z. Let f be a(h). What is the highest common divisor of f and 57?
19
Let s(i) = -i**2 + 5*i + 8. Let l be s(6). Let a = 5 - 3. What is the highest common divisor of l and a?
2
Suppose 0 = a - 10*a + 1260. What is the greatest common factor of a and 20?
20
Let a(v) = v**3 - 6*v**2 + 4*v + 3. Let h be a(5). Let c be (-220)/(-35) - h/(-7). What is the highest common factor of c and 3?
3
Let p be 2/(-7) - 61/7. Let k = 26 + p. Let b be (-238)/(2*(-3)/(3 - 0)). What is the greatest common divisor of b and k?
17
Let q be 0*(-2 + 15/6). Suppose y + 109 = r, 4*r + q*y = 2*y + 438. Suppose -n = -0*n - r. What is the highest common factor of 10 and n?
10
Suppose -2*o = -4*o + 4. Suppose -u + 6 = -0*u + o*r, 0 = r. Suppose 8 = 2*b - u. Calculate the greatest common divisor of b and 35.
7
Suppose -9 = 4*v - 45. Calculate the greatest common factor of 9 and v.
9
Suppose 180 = -13*p + 16*p. What is the highest common divisor of 12 and p?
12
Suppose 10 = -3*l + 4*l. Calculate the highest common factor of 80 and l.
10
Suppose 10 + 1 = s. Let h = s + -8. Let i be h/(-1)*6/(-9). Calculate the highest common factor of 18 and i.
2
Let i be (1 - -6)/((-1)/(-8)). Calculate the highest common factor of i and 140.
28
Let k be (2/3)/((-6)/(-9)). Let y be k/(-2) - 135/(-6). Suppose -8*n + 6*n = -110. Calculate the greatest common factor of n and y.
11
Let l(r) = 2*r**2 - 4*r + 2. Let v be l(2). Suppose 6*y - v*y = 32. Suppose 0*t - t = 2*s - 88, -s - 440 = -5*t. Calculate the highest common factor of t and y.
8
Suppose 0 = 83*j - 87*j + 72. What is the highest common divisor of 72 and j?
18
Let p = 15 - 14. What is the highest common divisor of 5 and p?
1
Suppose 5*z + 0*i = i + 11, 4*i = -4. Let s(f) = f**3 - f**2 - f - 1. Let d be s(2). Let p be z/d + -4 - -9. What is the highest common factor of 70 and p?
7
Suppose 3*t + 29 = p, -t + 66 = 4*p - 3*t. Let a = p - -7. Suppose 11 + a = 4*n. What is the greatest common factor of 4 and n?
4
Suppose 2*z - 3*t - 218 = 111, -465 = -3*z - 5*t. Calculate the highest common divisor of z and 16.
16
Let t = 73 - 62. Calculate the highest common divisor of t and 121.
11
Let n(c) = -33*c + 8. Let o be n(-4). Calculate the greatest common divisor of 28 and o.
28
Let f = -66 + 101. Let w = 7 + 0. What is the highest common divisor of w and f?
7
Suppose -5*y = -27 - 48. Let d be 27/(-2)*2/3*-5. Calculate the highest common divisor of y and d.
15
Let u(h) = -2*h - 5. Let j be u(-4). Suppose -4*c - j*d = -318, -4*c + 2*c + 172 = -5*d. Calculate the highest common divisor of c and 9.
9
Let o(k) = k**2 - k - 2. Let d be o(2). Suppose -5*y + 35 = -d*y. Let z(s) = 5*s**2 + 2*s + 5. Let h be z(-4). Calculate the greatest common divisor of y and h.
7
Let a = 13 - 5. Let k(w) = -w + 6. Let v be k(6). Let h(p) = -p**2 + p + 40. Let q be h(v). What is the greatest common factor of a and q?
8
Let u = -6 + 11. Suppose -6 = u*n - 1, 2*c + n + 1 = 0. Suppose c*g - 11 = -2*s + g, -3*s + 5*g = -13. What is the greatest common factor of 18 and s?
6
Suppose -3*k + 5*k - 20 = 0. What is the highest common divisor of k and 10?
10
Let h = 0 - -4. Let y be ((-10)/h)/(3/(-6)). What is the highest common factor of y and 40?
5
Let t(s) = 2*s**2 + 1. Let m(f) = f + 5. Let g be m(-4). Let c be t(g). Let r be (c*-6)/(4/(-10)). Calculate the highest common factor of 5 and r.
5
Let o be 86/(-8) - 1/4. Let z = o - -22. Calculate the greatest common factor of z and 99.
11
Let d(w) = 2*w + 6. Suppose z - q = 9, -4 = q - 0*q. Let o be d(z). Calculate the highest common divisor of o and 112.
16
Suppose 171 = 7*a - 123. What is the highest common divisor of a and 6?
6
Suppose 20 = c - 3*i, -3*i - 22 = -2*c + 6. Suppose 0 = r - 8 - c. Calculate the greatest common divisor of r and 144.
16
Let j = 0 - -4. Let q = -17 + 16. Let t = q + 7. Calculate the highest common factor of j and t.
2
Let g be (-1)/2 + (-17)/(-2). Let r = -34 - -66. What is the highest common divisor of r and g?
8
Suppose -5*t - 3 = -o - 14, 0 = 5*t - 5*o - 15. Let i = -11 - -36. Suppose 4*r - i = -1. Calculate the highest common divisor of t and r.
2
Suppose -7*o + 126 = -4*o. Let x = -6 + 13. Calculate the highest common factor of x and o.
7
Let f(r) = r**3 + 2*r**2 - r - 2. Let m be f(4). Let q be 128/(-10)*m/(-12). What is the highest common factor of q and 12?
12
Let b be 19 + 9/(5 - 2). Let u be (-230)/(-55) - 4/b. What is the highest common factor of 20 and u?
4
Let f = -36 + 70. Let n(z) = z**3 - 10*z**2 + 5*z - 33. Let w be n(10). Calculate the greatest common factor of w and f.
17
Let b(o) = -o**2 + 10*o - 6. Let w be b(7). Let d be 2/2 + 2 + 0. Suppose -10 = -d*n + 8. What is the highest common factor of w and n?
3
Let y be 71/1 + -1 + 2. Suppose 2*g = -5*v + 35 - 3, -2*v = -3*g - 28. What is the greatest common divisor of y and v?
8
Let c(n) = n**2 - 61. Let f be 0/((-3)/3) - 0. Let r be c(f). Let x = 103 + r. What is the highest common factor of x and 6?
6
Suppose 0 = -5*v + v + 16. Suppose v*i - 3*i - 3 = 0. Let c(j) = 2*j**2 + 8*j + 9. Let u be c(-6). What is the highest common factor of u and i?
3
Suppose -3*s + 3 = 3*q - 18, 4*q = -s + 13. Suppose -2*a - f - f + 118 = 0, -a + 54 = q*f. Calculate the highest common factor of 16 and a.
16
Suppose -1 = v + 3. Let g = v - -24. Suppose 0 = 3*b + 2*s - 144, 3*b = -2*b - 2*s + 244. What is the highest common factor of b and g?
10
Let r be ((-17)/1)/(2/(-6)). Suppose -2*k - r = -5*k. What is the greatest common factor of k and 17?
17
Suppose b - 1 + 3 = 0. Let n be 2 + b + (-6)/(-3). Suppose -n*x = -5*x + 18. Calculate the highest common divisor of x and 18.
6
Let o be (22/4)/((-7)/(-154)). What is the highest common divisor of o and 11?
11
Let u be (1 + 11)/3 + 1. Let x be (0 + 5)*16/u. Let p